533 a prime number?
False
Is 669801259 prime?
True
Is 1168430447 prime?
True
Is 31860982 a prime number?
False
Is 23155811383 composite?
False
Is 3119219 composite?
False
Is 60514974851 a composite number?
True
Is 553549765 prime?
False
Is 2366125351 composite?
False
Is 78432029239 a composite number?
True
Is 14222152199 composite?
True
Is 991453853 a composite number?
True
Is 2087857993 a composite number?
True
Is 3077903267 a composite number?
True
Is 103670996119 prime?
True
Is 1674281347 composite?
False
Is 2637429565 a composite number?
True
Is 493144961 a prime number?
True
Is 208767761 prime?
False
Is 8116916089 composite?
False
Is 7672934833 composite?
False
Is 1130065991 a composite number?
True
Is 993707371 prime?
True
Is 75637782871 a composite number?
True
Is 2238416563 prime?
True
Is 73147605709 a prime number?
False
Is 1055794141 composite?
True
Is 5476969151 composite?
False
Is 11470162979 composite?
True
Is 9366757 composite?
False
Is 456068461 a composite number?
True
Is 3860670361 prime?
False
Is 415035571 composite?
False
Is 6437717931 a composite number?
True
Is 3771805889 prime?
True
Is 17383708469 prime?
True
Is 1648174267 prime?
True
Is 107640335573 a prime number?
False
Is 291583073 prime?
False
Is 133684688129 a prime number?
True
Is 11528322451 prime?
True
Is 543252547 a prime number?
True
Is 2141194621 prime?
True
Is 46808751059 a composite number?
True
Is 6777377174 a composite number?
True
Is 16526004221 a prime number?
True
Is 107136550303 a prime number?
False
Is 46464463973 a composite number?
True
Is 548187677 a prime number?
False
Is 112461599 a prime number?
True
Is 2397437255 a composite number?
True
Is 7185734291 composite?
False
Is 124649803 a composite number?
False
Is 1186656179 a composite number?
False
Is 7236140767 a composite number?
True
Is 23953270313 a prime number?
False
Is 927174107 a composite number?
False
Is 5422607767 a prime number?
True
Is 2294916781 a prime number?
False
Is 3458564243 a composite number?
True
Is 5644083561 composite?
True
Is 2977425469 a composite number?
False
Is 8994143009 prime?
True
Is 111240769 a prime number?
False
Is 2450687783 prime?
True
Is 15429717613 composite?
False
Is 14707829033 a prime number?
True
Is 50912493971 a composite number?
True
Is 86359470251 a composite number?
True
Is 2613781223 prime?
False
Is 979498987 a composite number?
False
Is 29603839 a composite number?
True
Is 20864561 a prime number?
False
Is 1183492091 prime?
True
Is 370889489 a prime number?
False
Is 21222647023 composite?
True
Is 9407919797 a prime number?
True
Is 15621133837 composite?
False
Is 169575587 a composite number?
False
Is 722204141 a prime number?
True
Is 254991791 a composite number?
False
Is 4178332211 a composite number?
False
Is 426359393 prime?
False
Is 739327613 a prime number?
False
Is 1889478509 a composite number?
False
Is 12290601847 composite?
False
Is 7189070087 a composite number?
True
Is 450770627 prime?
True
Is 2082813301 a composite number?
False
Is 14704160213 a prime number?
False
Is 5318956801 prime?
True
Is 637888903 composite?
False
Is 7361049763 a composite number?
True
Is 164866009219 a prime number?
False
Is 1354652809 composite?
False
Is 2283216667 prime?
False
Is 60963778333 prime?
False
Is 12217361591 a prime number?
True
Is 485185133 a prime number?
True
Is 498496883 a prime number?
True
Is 47271291073 prime?
True
Is 180491093 a prime number?
False
Is 6078604397 prime?
False
Is 2981453231 prime?
True
Is 594958699 composite?
False
Is 81605674963 composite?
False
Is 2523404999 a prime number?
False
Is 1284218311 a composite number?
True
Is 43589057647 prime?
True
Is 5790685529 a prime number?
True
Is 49080334481 a composite number?
True
Is 7495795787 prime?
True
Is 3459851827 a composite number?
False
Is 3231130159 a composite number?
True
Is 419500573 a composite number?
True
Is 212964253 a prime number?
False
Is 3318790487 a composite number?
False
Is 4673215787 prime?
True
Is 120177617 a composite number?
True
Is 549816649 a prime number?
True
Is 6894948946 a composite number?
True
Is 2580248149 a composite number?
False
Is 44324575219 prime?
True
Is 1066767589 prime?
False
Is 319010473 prime?
False
Is 204740626 a prime number?
False
Is 1518384913 a prime number?
False
Is 1334167313 a composite number?
False
Is 8102021 a composite number?
True
Is 6641749 composite?
True
Is 1734442597 a prime number?
False
Is 22929177643 composite?
False
Is 88426711309 a prime number?
True
Is 9487718029 composite?
False
Is 197453747 prime?
False
Is 30309574853 composite?
True
Is 753140317 prime?
False
Is 231290723 a prime number?
False
Is 21665163941 a composite number?
False
Is 2827183571 a composite number?
False
Is 153579323 composite?
True
Is 523578521 prime?
False
Is 9644992957 a prime number?
False
Is 33143537 prime?
False
Is 111941088587 a prime number?
False
Is 635015933 a composite number?
False
Is 1954158853 prime?
True
Is 13322730305 a prime number?
False
Is 99617762753 composite?
True
Is 406230599 a prime number?
True
Is 461271427 a prime number?
False
Is 7455019423 a prime number?
True
Is 93106432383 prime?
False
Is 191461979 composite?
True
Is 780399911 a composite number?
False
Is 5556714017 composite?
True
Is 228107341246 prime?
False
Is 18251744111 a prime number?
True
Is 1763543347 a prime number?
True
Is 195165209 prime?
False
Is 80722769627 a composite number?
True
Is 2789911421 a prime number?
False
Is 1769617373 prime?
True
Is 26812438423 a prime number?
False
Is 813469291 a composite number?
False
Is 21070315153 a composite number?
True
Is 21244236886 a prime number?
False
Is 7701081277 composite?
True
Is 152127809 a composite number?
True
Is 1143849221 composite?
True
Is 20229851431 composite?
False
Is 166411667 composite?
False
Is 52374163 a prime number?
False
Is 5683499 prime?
True
Is 10927193331 a prime number?
False
Is 6801696997 a prime number?
True
Is 32027231 a prime number?
True
Is 1340110339 composite?
False
Is 229568219 a composite number?
False
Is 1182869 a prime number?
True
Is 199698997 composite?
True
Is 1145944259 prime?
False
Is 73713659 a composite number?
False
Is 67730895017 a composite number?
False
Is 4061026259 a composite number?
False
Is 447968183 prime?
False
Is 2443429069 a prime number?
True
Is 9051576197 composite?
False
Is 327163973 a composite number?
True
Is 13773314119 a prime number?
False
Is 3363621229 prime?
True
Is 205317775337 composite?
False
Is 1019082973 a composite number?
False
Is 109407863 composite?
False
Is 470625047 prime?
True
Is 40298227549 composite?
True
Is 21679568011 a prime number?
True
Is 3324813027 a prime number?
False
Is 16015728497 a prime number?
True
Is 9316908977 composite?
True
Is 119714899 composite?
True
Is 927899093 a prime number?
False
Is 207126257159 prime?
False
Is 42465785279 composite?
False
Is 1334303687 a composite number?
False
Is 55505172719 prime?
False
Is 3841134413 a composite number?
False
Is 37804122313 composite?
True
Is 11398471597 composite?
False
Is 4449366589 a prime number?
False
Is 71664927254 a composite number?
True
Is 130762763 prime?
True
Is 75811641 prime?
False
Is 1037596367 composite?
False
Is 76550292947 prime?
True
Is 138522275245 a prime number?
False
Is 292075523 composite?
False
Is 9374072419 a composite number?
True
Is 548944763 prime?
True
Is 46107148301 prime?
False
Is 99560689 prime?
False
Is 655865867 a composite number?
True
Is 98024254781 a composite number?
True
Is 890676959 composite?
False
Is 5820428387 composite?
False
Is 455181941 composite?
True
Is 14526983951 prime?
True
Is 41787156343 composite?
False
Is 30236725109 a prime number?
False
Is 240884549 a prime number?
False
Is 26402824121 a composite number?
True
Is 14863237849 composite?
False
Is 17999355659 prime?
False
Is 27747279839 a composite number?
False
Is 823140103 a composite number?
False
Is 9595331215 a composite number?
True
Is 5221410091 a prime number?
True
Is 7483302643 a prime number?
False
Is 231217967797 prime?
True
Is 8452214371 a composite number?
True
Is 631830803 a prime number?
True
Is 11179601 composite?
False
Is 3424593049 composite?
True
Is 1139742619 composite?
False
Is 30452331703 a prime number?
True
Is 6853701583 prime?
False
Is 881177911 